{"id":185,"date":"2022-07-09T19:11:15","date_gmt":"2022-07-09T19:11:15","guid":{"rendered":"https:\/\/www.lopenjarventausta.fi\/?page_id=185"},"modified":"2025-02-19T15:43:12","modified_gmt":"2025-02-19T15:43:12","slug":"kylayhdistyksen-historiikki","status":"publish","type":"page","link":"https:\/\/www.lopenjarventausta.fi\/index.php\/kylayhdistyksen-historiikki\/","title":{"rendered":"Kyl\u00e4yhdistyksen historiikki"},"content":{"rendered":"\n<p>Vuonna 1981 perustettu kyl\u00e4yhdistys perustettiin luomaan kyl\u00e4lle tapahtumia ja ajamaan kyl\u00e4l\u00e4isten etuuksia. T\u00e4n\u00e4 p\u00e4iv\u00e4n\u00e4 kyl\u00e4yhdistys noudattaa samoja perinteit\u00e4, kuin perustamisvuonnakin.<\/p>\n\n\n\n<p><\/p>\n","protected":false},"excerpt":{"rendered":"<p>Vuonna 1981 perustettu kyl\u00e4yhdistys perustettiin luomaan kyl\u00e4lle tapahtumia ja ajamaan kyl\u00e4l\u00e4isten etuuksia. T\u00e4n\u00e4 p\u00e4iv\u00e4n\u00e4 kyl\u00e4yhdistys noudattaa samoja perinteit\u00e4, kuin perustamisvuonnakin.<\/p>\n","protected":false},"author":1,"featured_media":0,"parent":0,"menu_order":0,"comment_status":"closed","ping_status":"closed","template":"","meta":{"footnotes":""},"class_list":["post-185","page","type-page","status-publish","hentry"],"_links":{"self":[{"href":"https:\/\/www.lopenjarventausta.fi\/index.php\/wp-json\/wp\/v2\/pages\/185","targetHints":{"allow":["GET"]}}],"collection":[{"href":"https:\/\/www.lopenjarventausta.fi\/index.php\/wp-json\/wp\/v2\/pages"}],"about":[{"href":"https:\/\/www.lopenjarventausta.fi\/index.php\/wp-json\/wp\/v2\/types\/page"}],"author":[{"embeddable":true,"href":"https:\/\/www.lopenjarventausta.fi\/index.php\/wp-json\/wp\/v2\/users\/1"}],"replies":[{"embeddable":true,"href":"https:\/\/www.lopenjarventausta.fi\/index.php\/wp-json\/wp\/v2\/comments?post=185"}],"version-history":[{"count":4,"href":"https:\/\/www.lopenjarventausta.fi\/index.php\/wp-json\/wp\/v2\/pages\/185\/revisions"}],"predecessor-version":[{"id":580,"href":"https:\/\/www.lopenjarventausta.fi\/index.php\/wp-json\/wp\/v2\/pages\/185\/revisions\/580"}],"wp:attachment":[{"href":"https:\/\/www.lopenjarventausta.fi\/index.php\/wp-json\/wp\/v2\/media?parent=185"}],"curies":[{"name":"wp","href":"https:\/\/api.w.org\/{rel}","templated":true}]}}