{"id":331,"date":"2022-07-17T08:52:22","date_gmt":"2022-07-17T08:52:22","guid":{"rendered":"https:\/\/www.lopenjarventausta.fi\/?page_id=331"},"modified":"2026-02-24T19:23:10","modified_gmt":"2026-02-24T19:23:10","slug":"linkit","status":"publish","type":"page","link":"https:\/\/www.lopenjarventausta.fi\/index.php\/linkit\/","title":{"rendered":"Linkit"},"content":{"rendered":"\n<div class=\"wp-block-group is-vertical is-layout-flex wp-container-core-group-is-layout-8cf370e7 wp-block-group-is-layout-flex\">\n<p class=\"has-medium-font-size\"><strong>Lopen kuitu<\/strong><\/p>\n\n\n\n<p class=\"has-medium-font-size\"><a href=\"http:\/\/www.lopenkuitu.fi\">www.lopenkuitu.fi<\/a><\/p>\n<\/div>\n\n\n\n<div class=\"wp-block-group is-vertical is-layout-flex wp-container-core-group-is-layout-8cf370e7 wp-block-group-is-layout-flex\">\n<p><\/p>\n\n\n\n<p class=\"has-medium-font-size\"><strong>Lopen kunta<\/strong><\/p>\n\n\n\n<p class=\"has-medium-font-size\"><a href=\"http:\/\/www.loppi.fi\">www.loppi.fi<\/a><\/p>\n\n\n\n<p class=\"has-medium-font-size\"><a href=\"http:\/\/www.loppi.fi\/yhteystiedot\">www.loppi.fi\/yhteystiedot<\/a><\/p>\n<\/div>\n\n\n\n<div class=\"wp-block-group is-vertical is-layout-flex wp-container-core-group-is-layout-8cf370e7 wp-block-group-is-layout-flex\">\n<p><\/p>\n\n\n\n<div class=\"wp-block-group is-vertical is-layout-flex wp-container-core-group-is-layout-8cf370e7 wp-block-group-is-layout-flex\">\n<p class=\"has-medium-font-size\"><strong>Lopen Syrj\u00e4-Seura r.y.<\/strong><\/p>\n\n\n\n<p class=\"has-medium-font-size\"><a href=\"http:\/\/syrjaseura.org\/\">Kotisivut<\/a><\/p>\n\n\n\n<p class=\"has-medium-font-size\"><a href=\"http:\/\/www.facebook.com\/groups\/lopensyrjaseura\">Lopen Syrj\u00e4-Seura<\/a> (seuran Facebook-sivu)<\/p>\n<\/div>\n<\/div>\n\n\n\n<div class=\"wp-block-group is-vertical is-layout-flex wp-container-core-group-is-layout-8cf370e7 wp-block-group-is-layout-flex\">\n<p><\/p>\n\n\n\n<p class=\"has-medium-font-size\"><strong>Julkisia loppilaisia Facebook<\/strong>&#8211;<strong>ryhmi\u00e4<\/strong><\/p>\n\n\n\n<p class=\"has-medium-font-size\"><a href=\"http:\/\/www.facebook.com\/groups\/1342667952468320\">Lopen J\u00e4rventausta<\/a> (J\u00e4rventaustan Facebook-ryhm\u00e4)<\/p>\n\n\n\n<p class=\"has-medium-font-size\"><a href=\"http:\/\/www.facebook.com\/groups\/155533232901276\">Loppi<\/a><\/p>\n\n\n\n<p class=\"has-medium-font-size\"><a href=\"http:\/\/www.facebook.com\/groups\/672294729548563\">Lopella tapahtuu<\/a><\/p>\n\n\n\n<p class=\"has-medium-font-size\">L\u00f6yd\u00e4t my\u00f6s J\u00e4rventaustan kyl\u00e4yhdistyksen Facebookista nimell\u00e4 <a href=\"https:\/\/www.facebook.com\/profile.php?id=100082690634862\">J\u00e4rventaustan Kyl\u00e4yhdistys<\/a>.<\/p>\n\n\n\n<p><\/p>\n<\/div>\n","protected":false},"excerpt":{"rendered":"<p>Lopen kuitu www.lopenkuitu.fi Lopen kunta www.loppi.fi www.loppi.fi\/yhteystiedot Lopen Syrj\u00e4-Seura r.y. Kotisivut Lopen Syrj\u00e4-Seura (seuran Facebook-sivu) Julkisia loppilaisia Facebook&#8211;ryhmi\u00e4 Lopen J\u00e4rventausta (J\u00e4rventaustan Facebook-ryhm\u00e4) Loppi Lopella tapahtuu L\u00f6yd\u00e4t my\u00f6s J\u00e4rventaustan kyl\u00e4yhdistyksen Facebookista nimell\u00e4 J\u00e4rventaustan Kyl\u00e4yhdistys.<\/p>\n","protected":false},"author":1,"featured_media":0,"parent":0,"menu_order":0,"comment_status":"closed","ping_status":"closed","template":"","meta":{"footnotes":""},"class_list":["post-331","page","type-page","status-publish","hentry"],"_links":{"self":[{"href":"https:\/\/www.lopenjarventausta.fi\/index.php\/wp-json\/wp\/v2\/pages\/331","targetHints":{"allow":["GET"]}}],"collection":[{"href":"https:\/\/www.lopenjarventausta.fi\/index.php\/wp-json\/wp\/v2\/pages"}],"about":[{"href":"https:\/\/www.lopenjarventausta.fi\/index.php\/wp-json\/wp\/v2\/types\/page"}],"author":[{"embeddable":true,"href":"https:\/\/www.lopenjarventausta.fi\/index.php\/wp-json\/wp\/v2\/users\/1"}],"replies":[{"embeddable":true,"href":"https:\/\/www.lopenjarventausta.fi\/index.php\/wp-json\/wp\/v2\/comments?post=331"}],"version-history":[{"count":7,"href":"https:\/\/www.lopenjarventausta.fi\/index.php\/wp-json\/wp\/v2\/pages\/331\/revisions"}],"predecessor-version":[{"id":414,"href":"https:\/\/www.lopenjarventausta.fi\/index.php\/wp-json\/wp\/v2\/pages\/331\/revisions\/414"}],"wp:attachment":[{"href":"https:\/\/www.lopenjarventausta.fi\/index.php\/wp-json\/wp\/v2\/media?parent=331"}],"curies":[{"name":"wp","href":"https:\/\/api.w.org\/{rel}","templated":true}]}}